 = -52*v, 4*v + 3*n = 3483. What is the greatest common divisor of v and 2774?
146
Let w be (-2 + 17)*18/10 - (0 - 2). Calculate the highest common divisor of w and 10962.
29
Let n be 9/(-45)*5 - -105. Calculate the highest common factor of n and 3744.
104
Let y = -2946 - -3452. What is the greatest common factor of y and 88?
22
Let k be (6/(-40))/((-4)/(-10)) + 963/72. Calculate the highest common factor of k and 2249.
13
Let c be (-6 + (-196)/42)*-108. What is the greatest common factor of c and 36?
36
Let f be -6*2/3 + (-4 - 0). Let a be (55/(-33))/(f/672). Calculate the greatest common divisor of 20 and a.
20
Let h be (54/4)/((-2)/(-236)). Suppose 15*o = 26*o - 297. Calculate the greatest common divisor of h and o.
27
Let i(k) = 15*k**2 + 41*k + 20. Let y be i(-10). Calculate the greatest common factor of y and 130.
10
Let p be (-39)/2*(10 + -12). Let c = p - 18. Suppose 7*a = 14*a - 294. Calculate the highest common factor of c and a.
21
Let w(g) = -5*g**2 + 5. Let k be w(-2). Let c be (-1 + 34/4)/(k/30). Let a = c - -19. Calculate the highest common factor of 4 and a.
4
Suppose 12 + 172 = 3*l - 5*x, -139 = -3*l - 4*x. Calculate the highest common factor of 6678 and l.
53
Let r be 11/(2/(-1 + 161)). What is the highest common factor of 3920 and r?
80
Let j(c) = 180*c - 13. Let o = -21 + 25. Let w be j(o). Suppose -4*h - 5*l + w = -102, 0 = -h - 5*l + 221. What is the highest common factor of h and 28?
28
Suppose 0 = -q + 10*l - 55 - 23, -l = 2*q - 54. Let h be 9 - (0 + 2)*-1. What is the highest common divisor of h and q?
11
Let v = 80 + -80. Suppose v = -15*m + 19*m - 136. Let c = m + 22. What is the greatest common divisor of 7 and c?
7
Let l = 42 + 3. Suppose 8*a = -a + l. Suppose a*v = 4*o - 91, -3*v = o - v - 26. What is the highest common factor of 96 and o?
24
Let s(m) = 30*m + 240. Let o be s(-8). Suppose o = -35*c - 11417 + 45997. Calculate the highest common divisor of 52 and c.
52
Let l = 28 + 207. Suppose 2*n - l + 43 = 0. Let t = 921 - 909. Calculate the greatest common factor of n and t.
12
Let i = 32234 - 32226. Calculate the greatest common factor of 9788 and i.
4
Let z be -1*(-23)/((-138)/(-780)). Let b be (-10)/z - (-7671)/13. Calculate the greatest common factor of 20 and b.
10
Suppose 0 = -32*z + 28*z + 3*y + 1416, -z + 339 = 3*y. Suppose -2*s + 3*x + 70 = 5*x, s - 5*x - 59 = 0. Calculate the highest common divisor of s and z.
39
Let d = 75 - 55. Let w be ((-48)/d)/((-2)/65). Suppose 79*c = w*c + 18. What is the highest common factor of c and 45?
9
Let k = 30126 - 30038. Let h(b) = 6*b**2 - b + 11. Let w be h(-11). What is the greatest common divisor of w and k?
44
Suppose -3*g + 3*t = -120 - 4032, 4142 = 3*g - t. What is the greatest common factor of 7 and g?
7
Suppose -65*t = -69*t + 380. Suppose -10*s = -665 - t. Calculate the highest common factor of s and 190.
38
Let t(r) = 124*r**2 + 2849*r + 338. Let n be t(-23). Suppose -3*b + 177 = 2*b - 4*l, 2*l = -b + 41. Calculate the greatest common factor of n and b.
37
Let v = -10887 + 14637. Calculate the greatest common factor of v and 20.
10
Let k = -5321 + 5552. What is the highest common divisor of 315 and k?
21
Suppose 5*p + 11*p + 3*p = 11856. What is the greatest common factor of p and 768?
48
Let x = -444 - -506. Let r = 80 - x. Calculate the highest common factor of 138 and r.
6
Let f = 467 + -469. Let d be (5 - 1) + f/2 + 738. What is the highest common factor of d and 57?
57
Suppose -24*v + 2970 = -5094. What is the greatest common divisor of v and 64?
16
Suppose -5*z + 14 = 3*w, 2*w - w = 2*z - 10. Suppose -z*m + 74 = -6*m. Let k = m + 43. Calculate the greatest common divisor of 30 and k.
6
Let i(x) be the third derivative of x**5/60 + 6*x**3 - 82*x**2. Let g be i(-7). What is the greatest common factor of 119 and g?
17
Suppose -2*l - l = -2*l - 21. Suppose -2*y = 2*y - 252. What is the greatest common factor of l and y?
21
Let s(t) = 2*t**2 + 10*t + 1. Let v be s(-5). Let u(n) = 13 + 7 - 12 + n. Let q be u(-7). Calculate the highest common factor of v and q.
1
Let h be 9170*19/285*21. What is the highest common divisor of 7 and h?
7
Let t(w) = 2*w - 8. Let q be t(6). Suppose -10*v + 11*v - q = 0. Let y be ((-2)/(-6) - 0)*(-5 - -8). What is the greatest common factor of v and y?
1
Suppose -3*d + 16 + 1 = -c, -3*d = 4*c + 8. Let r be 6/d - (-2 - 243/6). What is the highest common divisor of r and 110?
22
Let b = -1691 + 2288. Calculate the highest common factor of 3 and b.
3
Let s = -177 - -180. Suppose 3*q - 168 = r, s*q + 5*r - 8*r - 168 = 0. What is the greatest common divisor of q and 32?
8
Suppose -b - 2 = -0*w + w, 4*w = 2*b - 8. Suppose 13*u - 1808 + 716 = b. Let i be 1*-1 - 127/(-1). Calculate the highest common divisor of i and u.
42
Let p be (-6 - -5)/((-10)/820). Let j be -1*(-1 + 3) + 160. Suppose 88 + j = 6*n. Calculate the greatest common divisor of n and p.
41
Suppose 1 = s + 3. Let z = s - -8. Let d be 2/z + (-933)/(-9) + 6. What is the greatest common factor of d and 11?
11
Let x(c) = 2*c + 8. Let j be x(-2). Let r be (-1)/j - (-3 - (-357)/28). Let b be 10/2*((-46)/r - 3). Calculate the highest common factor of b and 88.
8
Let w be (-12)/(-10)*(-930)/(-9). Suppose -517*m + 514*m + 12 = 0. What is the greatest common factor of m and w?
4
Let t(o) be the first derivative of 17*o - 1/4*o**4 + 5/2*o**2 + 7/3*o**3 - 46. Let y be t(7). Calculate the highest common divisor of 416 and y.
52
Let g = -2734 - -2780. What is the greatest common divisor of 736 and g?
46
Suppose -87 = 3*g - 105, -50 = -2*l + 4*g. Let j(z) = 36*z**2 + 1. Let x be j(1). What is the highest common divisor of x and l?
37
Let s(u) = 6*u**2 - 21. Let h be s(4). Suppose 4*a - a = h. Calculate the greatest common divisor of 15 and a.
5
Let r = 149 - -25. Suppose -3*g + 2*m + 785 = 0, 9*m = -54*g + 55*g - 270. Calculate the greatest common factor of g and r.
87
Suppose 6*t - 2*t = 2*g + 2364, 2*t + g - 1182 = 0. Suppose 0 = -11*n - 217 + t. What is the greatest common divisor of n and 34?
34
Let a(w) = -8*w + 366. Suppose -2*z + 3*y = 3 - 23, 0 = -2*y. Let l be a(z). What is the highest common factor of l and 66?
22
Suppose -6 - 17 = d. Let t = 31 + d. Suppose -11*c = -25 - t. Calculate the greatest common factor of 2 and c.
1
Suppose -52*y + 174*y - 36600 = 0. What is the highest common divisor of y and 156?
12
Let o be 14/(-4)*(0 - 56/49). Suppose o*l = 4, 4*b - 3*l - 2*l = 487. What is the greatest common factor of 82 and b?
41
Let z = -241 - -537. Let k = -264 + z. What is the highest common factor of k and 136?
8
Suppose 3*p = 0, -4*p - 10 = 4*w - 170. Let m be 2290/45 + 5/45. Let a be -4 + 12390/119 + (-6)/m. What is the highest common divisor of a and w?
20
Let x(b) = 389*b + 964. Let z be x(-2). Calculate the highest common divisor of z and 3038.
62
Let m(y) = -7*y**2 - 13*y + 5. Let h(c) = -c**2 + c. Let k(n) = -6*h(n) + m(n). Let b be k(-15). Calculate the greatest common factor of b and 117.
13
Let b = -680 + 712. Let q be 13 + -14 - (-434 + 1). Calculate the highest common divisor of q and b.
16
Let n be (-166330)/(-110) - (-12)/(-132). Calculate the greatest common divisor of 224 and n.
56
Suppose 4*l = 3*l + 3. Let m = 493 - 470. Suppose -10*y - m = -43. What is the highest common factor of y and l?
1
Let n = -92 + 98. Suppose -c + k + n + 2 = 0, 0 = -2*c - 5*k - 19. Let r(i) = 4*i**2 + 2*i - 7. Let j be r(c). What is the greatest common divisor of 70 and j?
35
Suppose -87 = 333*n - 338*n + c, 0 = -c + 8. What is the greatest common divisor of 73 and n?
1
Let t(b) = -233*b + 230. Let q be t(0). What is the greatest common divisor of 1058 and q?
46
Let r = 864 + -24. Let q = r - 580. Calculate the greatest common divisor of q and 208.
52
Let h be 1*-2 + (-20)/(-5). Suppose 0*i = 2*a - h*i - 14, 5*a + i - 41 = 0. Let n be (-162)/(-15)*(-3 + a). What is the greatest common factor of 18 and n?
18
Let s be (494/(-190))/(1/(-5)). Suppose -s*u = -21*u + 216. Calculate the highest common factor of 135 and u.
27
Let w = 950 - 579. Let u = w + -182. Let p be 6/18*(1 + 80). What is the highest common factor of u and p?
27
Let d be 1*(-20)/(-8)*(-8)/(-10). Let a be (5/d)/(-1*5/(-10)). Suppose 20 = -a*g + 10*g. What is the greatest common factor of 4 and g?
4
Suppose -5*f + 